445?
True
Is 20 a factor of 206818?
False
Is 260864 a multiple of 77?
False
Is 8627282 a multiple of 33?
False
Is 3080474 a multiple of 94?
True
Is 35 a factor of 6510?
True
Does 23 divide 504367?
True
Is 74214 a multiple of 92?
False
Is 368 a factor of 50048?
True
Is 35529 a multiple of 5?
False
Does 80 divide 58706?
False
Is 101516 a multiple of 82?
True
Is 454 a factor of 1036936?
True
Is 16 a factor of 667184?
True
Is 1327837 a multiple of 247?
False
Is 9 a factor of 628162?
False
Does 67 divide 1276292?
False
Is 57 a factor of 175629?
False
Does 877 divide 96470?
True
Is 3663022 a multiple of 259?
False
Is 1619406 a multiple of 9?
True
Is 315 a factor of 5140066?
False
Does 19 divide 38038?
True
Is 322 a factor of 1563310?
True
Is 18297513 a multiple of 2223?
True
Is 26 a factor of 207324?
True
Is 11 a factor of 3859449?
True
Is 2768200 a multiple of 40?
True
Is 3754540 a multiple of 25?
False
Is 35 a factor of 80789?
False
Is 3689442 a multiple of 459?
True
Is 1712109 a multiple of 10?
False
Is 98 a factor of 13173536?
False
Is 565878 a multiple of 413?
False
Is 3387336 a multiple of 106?
True
Is 650934 a multiple of 28?
False
Is 5461404 a multiple of 156?
True
Is 137026 a multiple of 262?
True
Does 166 divide 17463532?
True
Is 21 a factor of 208940?
False
Does 4 divide 501056?
True
Is 52 a factor of 4068116?
True
Does 142 divide 97554?
True
Is 12 a factor of 131352?
True
Does 58 divide 6132890?
False
Does 1213 divide 3632935?
True
Does 50 divide 2155047?
False
Does 183 divide 1167723?
True
Is 12 a factor of 42816?
True
Is 2403778 a multiple of 5?
False
Is 19509437 a multiple of 81?
False
Is 181684 a multiple of 212?
True
Is 32222 a multiple of 13?
False
Does 30 divide 942000?
True
Is 28 a factor of 13417788?
False
Is 1973697 a multiple of 9?
False
Does 9 divide 14922?
True
Is 23 a factor of 163346?
True
Is 2256805 a multiple of 31?
False
Is 160 a factor of 446632?
False
Is 280203 a multiple of 77?
True
Does 229 divide 1598878?
True
Is 295900 a multiple of 22?
True
Does 10 divide 468080?
True
Is 5817988 a multiple of 11?
True
Is 9906 a multiple of 2?
True
Does 51 divide 360166?
False
Is 1286043 a multiple of 96?
False
Is 47 a factor of 1481910?
True
Does 4 divide 214384?
True
Is 83598 a multiple of 6?
True
Is 25 a factor of 5036725?
True
Is 5 a factor of 988657?
False
Is 2358192 a multiple of 146?
True
Is 92235 a multiple of 231?
False
Is 834228 a multiple of 12?
True
Does 9 divide 119574?
True
Is 4281851 a multiple of 224?
False
Is 423 a factor of 386742?
False
Is 127916 a multiple of 23?
False
Does 58 divide 174464?
True
Is 3789109 a multiple of 331?
False
Is 416 a factor of 2792201?
False
Is 173694 a multiple of 24?
False
Does 36 divide 1213632?
True
Is 122 a factor of 1828847?
False
Does 29 divide 7076?
True
Is 56 a factor of 83219?
False
Does 13 divide 3095936?
False
Is 39275 a multiple of 126?
False
Does 7 divide 1570352?
True
Does 30 divide 96121?
False
Is 12 a factor of 15162?
False
Is 245 a factor of 1600080?
False
Is 3 a factor of 209360?
False
Is 32 a factor of 1320256?
True
Does 67 divide 178924?
False
Is 50 a factor of 332800?
True
Is 1008900 a multiple of 342?
True
Is 4 a factor of 57684?
True
Is 6391 even?
False
Is 4 a factor of 56602?
False
Is 315 a factor of 149940?
True
Is 16 a factor of 834072?
False
Is 165 a factor of 57466?
False
Is 245886 a multiple of 90?
False
Is 3896 a multiple of 4?
True
Is 1357 a factor of 4199915?
True
Is 97696 a multiple of 86?
True
Does 9 divide 2218797?
True
Is 171 a factor of 99522?
True
Does 33 divide 624173?
False
Is 276732 a multiple of 12?
True
Does 16 divide 180720?
True
Is 167176 a multiple of 148?
False
Is 4568508 a multiple of 36?
True
Is 198606 a multiple of 603?
False
Is 4866782 a multiple of 211?
False
Is 28170 a multiple of 5?
True
Does 95 divide 178212?
False
Does 31 divide 14180759?
False
Is 74975 a multiple of 255?
False
Is 3419660 a multiple of 122?
True
Is 918490 a multiple of 106?
True
Does 53 divide 1494780?
False
Does 372 divide 10092715?
False
Is 114650 a multiple of 42?
False
Does 194 divide 304594?
False
Is 13 a factor of 4922710?
True
Is 100 a factor of 6628600?
True
Is 438 a factor of 448950?
True
Does 8 divide 18417348?
False
Is 10 a factor of 3962500?
True
Is 4 a factor of 2094652?
True
Is 250354 a multiple of 13?
True
Is 539 a factor of 112651?
True
Is 12529122 a multiple of 694?
False
Is 616530 a multiple of 9?
False
Does 4 divide 107380?
True
Is 802819 a multiple of 72?
False
Does 296 divide 48976?
False
Is 332 a factor of 55776?
True
Is 121673 a multiple of 191?
False
Is 18 a factor of 3126479?
False
Is 75787 a multiple of 6?
False
Is 271 a factor of 46612?
True
Is 2594921 a multiple of 186?
False
Is 8 a factor of 1030561?
False
Is 185 a factor of 154845?
True
Does 4 divide 584?
True
Does 591 divide 1472657?
False
Is 15 a factor of 1032291?
False
Is 9 a factor of 1231848?
True
Is 2265984 a multiple of 448?
True
Is 14 a factor of 3820180?
True
Is 9 a factor of 180540?
True
Does 104 divide 1816984?
True
Is 861956 a multiple of 458?
True
Is 269028 a multiple of 56?
False
Is 5953718 a multiple of 2?
True
Is 47864 a multiple of 8?
True
Does 284 divide 153356?
False
Does 222 divide 108786?
False
Does 20 divide 6827?
False
Does 28 divide 314804?
True
Is 1427259 a multiple of 26?
False
Is 13 a factor of 13167453?
True
Is 2594641 a multiple of 1561?
False
Does 326 divide 238632?
True
Is 862 a factor of 1856709?
False
Is 19 a factor of 5207926?
False
Is 13048622 a multiple of 15?
False
Is 985424 a multiple of 5?
False
Is 192 a factor of 345354?
False
Is 19 a factor of 420469?
False
Is 7 a factor of 725657?
False
Is 949800 a multiple of 300?
True
Is 3 a factor of 40833?
True
Is 44 a factor of 2203493?
False
Does 21 divide 5010306?
True
Is 623868 a multiple of 26?
False
Does 6 divide 8700?
True
Is 9130070 a multiple of 1257?
False
Does 3 divide 8751?
True
Is 161 a factor of 1196069?
True
Does 12 divide 7042656?
True
Does 96 divide 74385?
False
Is 107446 a multiple of 31?
True
Is 15 a factor of 247557?
False
Does 221 divide 192270?
True
Is 7963687 a multiple of 263?
False
Does 2 divide 2253?
False
Is 126880 a multiple of 20?
True
Does 47 divide 103571?
False
Does 13 divide 9772217?
True
Does 81 divide 902338?
False
Does 121 divide 87725?
True
Does 19 divide 449618?
False
Is 135 a factor of 77343?
False
Does 15 divide 24585?
True
Is 850762 a multiple of 98?
False
Is 3510703 a multiple of 1382?
False
Is 4306312 a multiple of 15?
False
Is 56 a factor of 14440?
False
Does 10 divide 770570?
True
Does 63 divide 14108409?
True
Is 5 a factor of 1265501?
False
Is 13 a factor of 118067?
False
Is 225212 a multiple of 71?
True
Is 629 a factor of 1766558?
False
Is 1597368 a multiple of 152?
True
Is 7 a factor of 121587?
False
Does 128 divide 416788?
False
Does 74 divide 23236?
True
Is 252 a factor of 22272963?
False
Is 1015455 a multiple of 79?
False
Is 5 a factor of 31011?
False
Does 135 divide 89129?
False
Is 4 a factor of 25712?
True
Does 239 divide 1139791?
True
Is 1203408 a multiple of 33?
False
Does 34 divide 115974?
True
Does 13 divide 379644?
False
Does 125 divide 74625?
True
Is 127144 a multiple of 56?
False
Does 15 divide 1326?
False
Is 1254161 a multiple of 13?
False
Is 3968616 a multiple of 24?
True
Is 4 a factor of 98803?
False
Is 3 a factor of 88710?
True
Does 19 divide 3135817?
True
Is 10593 a multiple of 3?
True
Is 104 a factor of 178022?
False
Is 14461020 a multiple of 252?
True
Does 15 divide 2895705?
True
Does 17 divide 91577?
False
Is 9255950 a multiple of 64?
False
Is 683 a factor of 584010?
False
Does 217 divide 415338?
True
Is 23 a factor of 76354?
False
Does 2 divide 274695?
False
Is 24 a factor of 523624?
False
Is 318 a factor of 286932?
False
Is 189 a factor of 2883573?
True
Is 798380 a multiple of 190?
True
Is 200174 a multiple of 187?
False
Is 50 a factor of 4258600?
True
Does 172 divide 301831?
False
Is 362 a factor of 16690590?
False
Is 28 a factor of 318892?
True
Does 363 divide 312543?
True
Does 8 divide 2255658?
False
Is 122774 a multiple of 23?
True
Is 27091 a multiple of 3?
False
Is 15 a factor of 9616711?
False
Is 289 a factor of 437257?
True
Is 1029070 a multiple of 70?
True
Is 481699 a multiple of 23?
False
Is 28 a factor of 228614?
False
Doe